{"id":70,"date":"2025-11-06T10:09:44","date_gmt":"2025-11-06T10:09:44","guid":{"rendered":"https:\/\/wtzpiotrkow.pl\/?page_id=70"},"modified":"2025-11-13T09:41:54","modified_gmt":"2025-11-13T09:41:54","slug":"dolacz-do-nas","status":"publish","type":"page","link":"https:\/\/skpdn.pl\/index.php\/dolacz-do-nas\/","title":{"rendered":"Do\u0142\u0105cz do nas!"},"content":{"rendered":"<p>Dlaczego warto do nas do\u0142\u0105czy\u0107? \u015awiadczymy:<br \/>\n1) pomoc osobom z niepe\u0142nosprawno\u015bciami &#8211; wsp\u00f3lnie dzia\u0142amy na rzecz poprawy jako\u015bci \u017cycia os\u00f3b z r\u00f3\u017cnymi niepe\u0142nosprawno\u015bciami,<br \/>\n2) integracja i wspieranie &#8211; nasze stowarzyszenie stawia sobie cel promowanie integracji spo\u0142eczno\u015bci os\u00f3b z niepe\u0142nosprawno\u015bciami oraz ich wsparcie w doros\u0142ym etapie \u017cycia,<br \/>\n3) wycieczki i aktywno\u015bci \u2013 cz\u0142onkostwo w naszym Stowarzyszeniu wi\u0105\u017ce si\u0119 z mo\u017cliwo\u015bci\u0105 udzia\u0142u w rozmaitych imprezach sportowych, kulturalnych, integracyjnych oraz wycieczkach,<br \/>\n4) wi\u0119cej ni\u017c tylko pomoc: do\u0142\u0105czaj\u0105c do Nas, do\u015bwiadczysz nie tylko satysfakcji z niesienia z pomocy, ale tak\u017ce szansy na rozw\u00f3j osobisty, nawi\u0105zanie nowych znajomo\u015bci oraz uczestnictwo w interesuj\u0105cych wydarzeniach.<\/p>\n<p>Skontaktuj si\u0119 z nami ju\u017c teraz, aby dowiedzie\u0107 si\u0119 wi\u0119cej o naszych dzia\u0142aniach oraz warunkach cz\u0142onkostwa. Razem mo\u017cemy zdzia\u0142a\u0107 naprawd\u0119 wiele!<\/p>\n","protected":false},"excerpt":{"rendered":"<p>Dlaczego warto do nas do\u0142\u0105czy\u0107? \u015awiadczymy: 1) pomoc osobom z niepe\u0142nosprawno\u015bciami &#8211; wsp\u00f3lnie dzia\u0142amy na rzecz poprawy jako\u015bci \u017cycia os\u00f3b z r\u00f3\u017cnymi niepe\u0142nosprawno\u015bciami, 2) integracja i wspieranie &#8211; nasze stowarzyszenie stawia sobie cel promowanie integracji spo\u0142eczno\u015bci os\u00f3b z niepe\u0142nosprawno\u015bciami oraz ich wsparcie w doros\u0142ym etapie \u017cycia, 3) wycieczki i aktywno\u015bci \u2013 cz\u0142onkostwo w naszym Stowarzyszeniu <a class=\"more-link\" href=\"https:\/\/skpdn.pl\/index.php\/dolacz-do-nas\/\">Continue reading <i class=\"fa fa-chevron-right\"><\/i><\/a><\/p>\n","protected":false},"author":1,"featured_media":0,"parent":0,"menu_order":0,"comment_status":"closed","ping_status":"closed","template":"","meta":{"footnotes":""},"class_list":["post-70","page","type-page","status-publish","hentry"],"_links":{"self":[{"href":"https:\/\/skpdn.pl\/index.php\/wp-json\/wp\/v2\/pages\/70","targetHints":{"allow":["GET"]}}],"collection":[{"href":"https:\/\/skpdn.pl\/index.php\/wp-json\/wp\/v2\/pages"}],"about":[{"href":"https:\/\/skpdn.pl\/index.php\/wp-json\/wp\/v2\/types\/page"}],"author":[{"embeddable":true,"href":"https:\/\/skpdn.pl\/index.php\/wp-json\/wp\/v2\/users\/1"}],"replies":[{"embeddable":true,"href":"https:\/\/skpdn.pl\/index.php\/wp-json\/wp\/v2\/comments?post=70"}],"version-history":[{"count":3,"href":"https:\/\/skpdn.pl\/index.php\/wp-json\/wp\/v2\/pages\/70\/revisions"}],"predecessor-version":[{"id":160,"href":"https:\/\/skpdn.pl\/index.php\/wp-json\/wp\/v2\/pages\/70\/revisions\/160"}],"wp:attachment":[{"href":"https:\/\/skpdn.pl\/index.php\/wp-json\/wp\/v2\/media?parent=70"}],"curies":[{"name":"wp","href":"https:\/\/api.w.org\/{rel}","templated":true}]}}