{"id":98,"date":"2025-11-06T10:21:11","date_gmt":"2025-11-06T10:21:11","guid":{"rendered":"https:\/\/wtzpiotrkow.pl\/?page_id=98"},"modified":"2025-12-16T10:29:31","modified_gmt":"2025-12-16T10:29:31","slug":"wtz-kubusie","status":"publish","type":"page","link":"https:\/\/skpdn.pl\/index.php\/wtz-kubusie\/","title":{"rendered":"WTZ &#8222;Kubusie&#8221;"},"content":{"rendered":"<p style=\"text-align: left;\">Warsztaty Terapii Zaj\u0119ciowej \u201eKubusie\u201d w Moszczenicy utworzone zosta\u0142y 1.11.2007 roku. Pocz\u0105tkowo siedzib\u0105 WTZ by\u0142 budynek w Sulejowie przy ul. Kubusia Puchatka 1, gdzie z codziennych zaj\u0119\u0107 korzysta\u0142o 36 os\u00f3b. Po wielu przeprowadzkach WTZ \u201e Kubusie\u201d mieszcz\u0105 si\u0119 w Moszczenicy przy ul. Piotrkowskiej 13, w Sulejowie przy ul. Milejowskiej 21 oraz w R\u0119cznie przy ul. G\u0142\u00f3wnej 60 i obejmuj\u0105 opiek\u0105 i wsparciem 95 os\u00f3b z niepe\u0142nosprawno\u015bciami z terenu powiatu piotrkowskiego. Warsztaty s\u0105 plac\u00f3wk\u0105 pobytu dziennego, zaj\u0119cia odbywaj\u0105 si\u0119 5 dni w tygodniu w godzinach od 7:30 do 15:30, z zachowaniem przerwy wakacyjnej w miesi\u0105cu lipcu. Uczestnikami WTZ \u201eKubusie\u201d s\u0105 mieszka\u0144cy gmin: Czarnocin, Moszczenica, Wolb\u00f3rz, Gorzkowice, R\u0119czno, Rozprza, \u0141\u0119ki Szlacheckie, Wola Krzysztoporska, Grabica, Sulej\u00f3w, B\u0119dk\u00f3w, Mniszk\u00f3w i Piotrk\u00f3w Tryb.<\/p>\n<p style=\"text-align: left;\">Celem dzia\u0142alno\u015bci WTZ \u201eKubusie\u201d jest stworzenie osobom niepe\u0142nosprawnym, niezdolnym do podj\u0119cia zatrudnienia mo\u017cliwo\u015bci rehabilitacji spo\u0142ecznej i zawodowej. Dzia\u0142alno\u015b\u0107 rehabilitacyjna prowadzona jest w 17 profilowanych pracowniach. Ponadto uczestnicy zaj\u0119\u0107 korzystaj\u0105 z rehabilitacji ruchowej, zaj\u0119\u0107 z psychologiem oraz z doradc\u0105 zawodowym.<\/p>\n","protected":false},"excerpt":{"rendered":"<p>Warsztaty Terapii Zaj\u0119ciowej \u201eKubusie\u201d w Moszczenicy utworzone zosta\u0142y 1.11.2007 roku. Pocz\u0105tkowo siedzib\u0105 WTZ by\u0142 budynek w Sulejowie przy ul. Kubusia Puchatka 1, gdzie z codziennych zaj\u0119\u0107 korzysta\u0142o 36 os\u00f3b. Po wielu przeprowadzkach WTZ \u201e Kubusie\u201d mieszcz\u0105 si\u0119 w Moszczenicy przy ul. Piotrkowskiej 13, w Sulejowie przy ul. Milejowskiej 21 oraz w R\u0119cznie przy ul. G\u0142\u00f3wnej <a class=\"more-link\" href=\"https:\/\/skpdn.pl\/index.php\/wtz-kubusie\/\">Continue reading <i class=\"fa fa-chevron-right\"><\/i><\/a><\/p>\n","protected":false},"author":1,"featured_media":0,"parent":0,"menu_order":0,"comment_status":"closed","ping_status":"closed","template":"","meta":{"footnotes":""},"class_list":["post-98","page","type-page","status-publish","hentry"],"_links":{"self":[{"href":"https:\/\/skpdn.pl\/index.php\/wp-json\/wp\/v2\/pages\/98","targetHints":{"allow":["GET"]}}],"collection":[{"href":"https:\/\/skpdn.pl\/index.php\/wp-json\/wp\/v2\/pages"}],"about":[{"href":"https:\/\/skpdn.pl\/index.php\/wp-json\/wp\/v2\/types\/page"}],"author":[{"embeddable":true,"href":"https:\/\/skpdn.pl\/index.php\/wp-json\/wp\/v2\/users\/1"}],"replies":[{"embeddable":true,"href":"https:\/\/skpdn.pl\/index.php\/wp-json\/wp\/v2\/comments?post=98"}],"version-history":[{"count":4,"href":"https:\/\/skpdn.pl\/index.php\/wp-json\/wp\/v2\/pages\/98\/revisions"}],"predecessor-version":[{"id":166,"href":"https:\/\/skpdn.pl\/index.php\/wp-json\/wp\/v2\/pages\/98\/revisions\/166"}],"wp:attachment":[{"href":"https:\/\/skpdn.pl\/index.php\/wp-json\/wp\/v2\/media?parent=98"}],"curies":[{"name":"wp","href":"https:\/\/api.w.org\/{rel}","templated":true}]}}